base 16, what is 68b1 - c1b?
5c96
In base 5, what is -3311 + -1001031?
-1004342
In base 8, what is -35262 - 5537?
-43021
In base 16, what is 28d0 + 974?
3244
In base 7, what is 533 - -36065556?
36066422
In base 6, what is -244531 + -2022?
-250553
In base 12, what is 51422042 - 4?
5142203a
In base 12, what is 708456 - -15?
70846b
In base 15, what is 21cb - 763?
1968
In base 5, what is -1102400232 + 12?
-1102400220
In base 14, what is -1 + -d8985bb?
-d8985bc
In base 3, what is -111012121201121 + -112?
-111012121202010
In base 10, what is -501 - 58066?
-58567
In base 8, what is -7724410 - 63?
-7724473
In base 2, what is 101 + 11011110001100001101011?
11011110001100001110000
In base 9, what is 7575 - -25388?
34074
In base 13, what is 21769b + 0?
21769b
In base 12, what is -78 - 4b336?
-4b3b2
In base 16, what is 33 - -11831?
11864
In base 13, what is 85 + -31325?
-31270
In base 8, what is -224415315 + 1?
-224415314
In base 12, what is -5 + -2036525a?
-20365263
In base 7, what is 5 + -11210303?
-11210265
In base 2, what is -10110000001100001110 - 11000?
-10110000001100100110
In base 14, what is 379c - 488?
3314
In base 14, what is da8 + 184d?
2817
In base 10, what is 2 + -50104639?
-50104637
In base 14, what is -b272 - 17c?
-b410
In base 3, what is -2202010 - 11102010?
-21011020
In base 9, what is 1017 - 21?
886
In base 13, what is -28616b0 - -21?
-286168c
In base 8, what is 2270 - 2016?
252
In base 13, what is 9 + -6254448?
-625443c
In base 8, what is 144 + 32312?
32456
In base 2, what is 10001010101011001 + 10100110111?
10001101010010000
In base 16, what is -3fa4230d - 5?
-3fa42312
In base 16, what is -203c256 - 3?
-203c259
In base 10, what is 5 + -2829682?
-2829677
In base 3, what is 10210102111 + -2212?
10210022122
In base 12, what is 4 + -1a70b2b?
-1a70b27
In base 8, what is -31067412 - 4?
-31067416
In base 8, what is 432374 - 233?
432141
In base 8, what is 3740 + -32142?
-26202
In base 16, what is 128 + -baa7?
-b97f
In base 10, what is 0 + -11814253?
-11814253
In base 5, what is 234120442100 + -3?
234120442042
In base 11, what is 82a27 + -5041?
78996
In base 14, what is -9206c0 - b?
-9206cb
In base 10, what is -80 + -33001?
-33081
In base 4, what is -10011133101 + 233?
-10011132202
In base 13, what is -1786 - -315?
-1471
In base 8, what is 446 + 407?
1055
In base 7, what is 3353223 + -62?
3353131
In base 11, what is 139 + -a2465?
-a2327
In base 8, what is -36755073 + 67?
-36755004
In base 3, what is -22112100021 - -120110?
-22111202211
In base 13, what is -3739b84 - -1?
-3739b83
In base 11, what is -2a1 + -72164a?
-721940
In base 7, what is 3531424 - -3136?
3534563
In base 12, what is 2189 - -490b9?
4b286
In base 11, what is -5 + 84827579?
84827574
In base 14, what is 264 - 51393?
-5112d
In base 12, what is 163bb44 + 16?
163bb5a
In base 4, what is 11002 + -121122?
-110120
In base 3, what is -22211111010 + 1001211?
-22210102022
In base 15, what is -4 - 114d1d5?
-114d1d9
In base 8, what is 25510514 + -3?
25510511
In base 6, what is -23245 - 5324?
-33013
In base 2, what is 1111110000 + -1110010011011?
-1100010101011
In base 2, what is 11111111 + 100011010000001?
100011110000000
In base 4, what is 3 + 31232120310313?
31232120310322
In base 10, what is -2 + -220871039?
-220871041
In base 6, what is 14101 - 3351342?
-3333241
In base 2, what is 10110110100011000001 - 10000?
10110110100010110001
In base 11, what is 18 - -3281402?
328141a
In base 8, what is -126756 - -1011?
-125745
In base 11, what is 11a + -49838a?
-498270
In base 5, what is -11300 + -14343022?
-14404322
In base 4, what is 33311031 + -203?
33310222
In base 15, what is -73b72d8 - 2?
-73b72da
In base 8, what is 1506 + 2613373?
2615101
In base 2, what is 111100110110101001111 - -111010100?
111100110111100100011
In base 11, what is 959 - -47532?
48390
In base 14, what is -bb893c + -1?
-bb893d
In base 15, what is -245037a8 + 4?
-245037a4
In base 6, what is -1 + 21050000?
21045555
In base 3, what is -211 + -10121201100?
-10121202011
In base 2, what is -111010101110110001010001 - -11001?
-111010101110110000111000
In base 15, what is 0 - 7cc7040?
-7cc7040
In base 13, what is -1 - 378349?
-37834a
In base 14, what is 1 - b50309?
-b50308
In base 13, what is -7b58ab + 7?
-7b58a4
In base 10, what is 2741 - -16210?
18951
In base 4, what is 32030120 + 2112?
32032232
In base 2, what is -111000111001 - 100110100111?
-1011111100000
In base 5, what is -10 - 1144223232212?
-1144223232222
In base 11, what is -1 - 51a229?
-51a22a
In base 15, what is -4 - 297cb12?
-297cb16
In base 12, what is -a - 1439364?
-1439372
In base 7, what is -30 + -10333652?
-10334012
In base 11, what is -1140 - -2754?
1614
In base 9, what is 1 - -271164056?
271164057
In base 8, what is 206314 + 224?
206540
In base 4, what is 333321312 - -21023?
1000003001
In base 2, what is -1001000 - 1001000101011111001?
-1001000101101000001
In base 14, what is -586ba1 + -5?
-586ba6
In base 9, what is 5 + 36761871?
36761876
In base 5, what is 40433131 + -233?
40432343
In base 5, what is -410 - 2120?
-3030
In base 2, what is 110100110011001000 + 1001001?
110100110100010001
In base 3, what is -120101211 - -221?
-120100220
In base 3, what is -12 - -1000211120000010?
1000211112222221
In base 6, what is 1 - 15324403?
-15324402
In base 15, what is 39bb - -1864?
5330
In base 2, what is 110011 - 10010100001011011000?
-10010100001010100101
In base 7, what is 450660 - -2103?
453063
In base 6, what is -4224 - 25120?
-33344
In base 12, what is 7 - a59b74?
-a59b69
In base 5, what is 10 + -11001032023?
-11001032013
In base 14, what is -3 + -386b025?
-386b028
In base 10, what is 66905367 + 3?
66905370
In base 10, what is -15 + -4169258?
-4169273
In base 2, what is 110111100101010111100000011 + 101?
110111100101010111100001000
In base 13, what is 5 - -3714151?
3714156
In base 2, what is 101 - -11011010011000001100101?
11011010011000001101010
In base 8, what is -2 + -265734477?
-265734501
In base 5, what is -11012004022 + 1?
-11012004021
In base 14, what is -604351 - 5?
-604356
In base 2, what is -11011001001000001 + -1010110?
-11011001010010111
In base 4, what is 3 + 2332113310112?
2332113310121
In base 14, what is 7ca5d1b - -5?
7ca5d22
In base 8, what is -1331265561 - 0?
-1331265561
In base 8, what is 3740 - -3327?
7267
In base 14, what is -2c5 - -b581?
b29a
In base 12, what is -a9bb5 + -3a6?
-aa39b
In base 12, what is 609183 + 6?
609189
In base 8, what is -35705602 + -36?
-35705640
In base 2, what is -110100001001111 - 101000000000?
-111001001001111
In base 5, what is 41042241243 + -1?
41042241242
In base 12, what is 22b6896 - 23?
22b6873
In base 8, what is 417174000 + 1?
417174001
In base 8, what is 2 + 1406466060?
1406466062
In base 13, what is -47acb + 1ac5?
-46006
In base 4, what is -303 + -221202232?
-221203201
In base 11, what is 29209 - 5963?
23356
In base 8, what is -5 + -337774007?
-337774014
In base 9, what is 1 + 2836815?
2836816
In base 11, what is -761 + 403a79?
403318
In base 2, what is 1101000111 + -100110101110000?
-100101000101001
In base 5, what is 11 - 4243403131?
-4243403120
In base 12, what is -8b932 - 2a?
-8b960
In base 15, what is 8dcb5 + 18?
8dccd
In base 6, what is 1113235 - -211?
1113450
In base 3, what is 10212 + 20120102112020?
20120102200002
In base 10, what is -9693 + -503?
-10196
In base 13, what is -22 + -216aa5?
-216ac7
In base 8, what is 3 + 71766?
71771
In base 16, what is 2 + -7594683?
-7594681
In base 3, what is 20121 - 21122210102?
-21122112211
In base 13, what is -236ba914 + -5?
-236ba919
In base 5, what is 20232 + 122440001?
123010233
In base 16, what is -f3ae02 + 4?
-f3adfe
In base 8, what is -24477 - 2503?
-27202
In base 4, what is -10 + 2011220022?
2011220012
In base 13, what is 260 - 257b2?
-25552
In base 14, what is 6 + -b0d53?
-b0d4b
In base 10, what is -33002544 + -5?
-33002549
In base 11, what is -15a + 1011899?
101173a
In base 4, what is -110300333 + 202211?
-110032122
In base 16, what is 2898a25 + 2?
2898a27
In base 11, what is 94a + -27300?
-26461
In base 10, what is 32 + 79566?
79598
In base 14, what is 11c5c2 - 11?
11c5b1
In base 12, what is -6bb1346 - 1?
-6bb1347
In base 12, what is -185 - 97943?
-97b08
In base 13, what is -1c48512 - 0?
-1c48512
In base 7, what is 5634 + 3411?
12345
In base 16, what is